{"id":252,"date":"2025-01-19T19:24:12","date_gmt":"2025-01-19T19:24:12","guid":{"rendered":"https:\/\/demo.colorbee.online\/dhaara\/demo\/?page_id=252"},"modified":"2025-10-18T13:04:23","modified_gmt":"2025-10-18T11:04:23","slug":"service-listing","status":"publish","type":"page","link":"https:\/\/solidni-budowlancy.pl\/?page_id=252","title":{"rendered":"Oferta"},"content":{"rendered":"\t\t<div data-elementor-type=\"wp-page\" data-elementor-id=\"252\" class=\"elementor elementor-252\">\n\t\t\t\t<div class=\"elementor-element elementor-element-f2a49cd e-grid e-con-full e-con e-parent\" data-id=\"f2a49cd\" data-element_type=\"container\" data-e-type=\"container\">\n\t\t\t\t<div class=\"elementor-element elementor-element-1c964cd elementor-widget elementor-widget-services-grid\" data-id=\"1c964cd\" data-element_type=\"widget\" data-e-type=\"widget\" data-widget_type=\"services-grid.default\">\n\t\t\t\t<div class=\"elementor-widget-container\">\n\t\t\t\t\t            <section class=\"service-grid relative py-16 sm:py-20 lg:py-20 overflow-hidden\">\r\n                <!-- Background Elements -->\r\n                <div class=\"absolute inset-0 -z-10\">\r\n                    <div class=\"absolute top-0 left-0 w-full h-full overflow-hidden\">\r\n                        <div class=\"absolute top-1\/4 -left-20 w-96 h-96 bg-primary-10 rounded-full mix-blend-multiply filter blur-3xl animate-blob\"><\/div>\r\n                        <div style=\"background-color: #FFB60020\" class=\"absolute bottom-1\/4 right-0 w-96 h-96 bg-purple-200\/30 rounded-full mix-blend-multiply filter blur-3xl animate-blob animation-delay-2000\"><\/div>\r\n                    <\/div>\r\n                <\/div>\r\n\r\n                <div class=\"max-w-7xl 2xl:max-w-8xl mx-auto px-4\">\r\n                    <!-- Section Header -->\r\n                    <div class=\"relative mb-12 sm:mb-16 text-center z-10\">\r\n                        <div class=\"absolute -top-10 left-1\/2 -translate-x-1\/2 text-[80px] sm:text-[120px] font-bold text-gray-100 select-none opacity-0 md:opacity-60 leading-none -z-10\">\r\n                            OFERTA                        <\/div>\r\n                        <h2 class=\"relative text-3xl sm:text-4xl lg:text-5xl font-bold text-gray-900 fade-in-effect\">\r\n                            Nasze profesjonalne                            <span style=\"color: #FFB600\">Us\u0142ugi<\/span>\r\n                        <\/h2>\r\n                        <p class=\"mt-4 text-xl text-gray-600 max-w-2xl mx-auto fade-in-effect effect-1\">\r\n                            Oferujemy szeroki zakres us\u0142ug, kt\u00f3re wspieraj\u0105 inwestor\u00f3w na ka\u017cdym etapie realizacji. Stawiamy na solidno\u015b\u0107, terminowo\u015b\u0107 i jako\u015b\u0107, aby ka\u017cda inwestycja by\u0142a wykonana zgodnie ze sztuk\u0105 budowlan\u0105 i oczekiwaniami klienta.                        <\/p>\r\n                    <\/div>\r\n\r\n                    <!-- Services Grid -->\r\n                    <div class=\"grid grid-cols-1 md:grid-cols-2 lg:grid-cols-3 gap-6 sm:gap-8\">\r\n                                                    <div class=\"group relative fade-in-effect effect-1\">\r\n                                <div style=\"background-color: #FFB600\" class=\"absolute -inset-2 rounded-2xl blur opacity-0 group-hover:opacity-20 transition-all duration-300\"><\/div>\r\n                                <div class=\"shadow-lg relative bg-white rounded-2xl overflow-hidden hover:shadow-xl transition-all duration-300 h-full flex flex-col\">\r\n                                    <div class=\"aspect-[4\/3] overflow-hidden\">\r\n                                                                                    <img fetchpriority=\"high\" decoding=\"async\" width=\"1536\" height=\"1024\" src=\"https:\/\/solidni-budowlancy.pl\/wp-content\/uploads\/2025\/08\/ChatGPT-Image-11-sie-2025-15_50_11.webp\" class=\"w-full h-full object-cover transform group-hover:scale-110 transition-transform duration-500 wp-post-image\" alt=\"Zdj\u0119cie pogl\u0105dowe wygenerowane prze AI\" srcset=\"https:\/\/solidni-budowlancy.pl\/wp-content\/uploads\/2025\/08\/ChatGPT-Image-11-sie-2025-15_50_11.webp 1536w, https:\/\/solidni-budowlancy.pl\/wp-content\/uploads\/2025\/08\/ChatGPT-Image-11-sie-2025-15_50_11-300x200.webp 300w, https:\/\/solidni-budowlancy.pl\/wp-content\/uploads\/2025\/08\/ChatGPT-Image-11-sie-2025-15_50_11-1024x683.webp 1024w, https:\/\/solidni-budowlancy.pl\/wp-content\/uploads\/2025\/08\/ChatGPT-Image-11-sie-2025-15_50_11-768x512.webp 768w\" sizes=\"(max-width: 1536px) 100vw, 1536px\" \/>                                                                            <\/div>\r\n                                    <div class=\"p-8 flex flex-col flex-grow\">\r\n                                        <h3 class=\"text-2xl font-bold text-gray-900 my-0\">Wykonawstwo \/ podwykonawstwo budowlane<\/h3>\r\n                                        <p class=\"text-gray-600 mb-6 line-clamp-2\">Zapewniamy kompleksow\u0105 obs\u0142ug\u0119 inwestycji jako generalny wykonawca lub solidny podwykonawca. Realizujemy projekty budowlane od fundament\u00f3w po wyko\u0144czenie, dbaj\u0105c o jako\u015b\u0107,...<\/p>\r\n\r\n                                        <div class=\"mt-auto\">\r\n                                                                                        <a href=\"https:\/\/solidni-budowlancy.pl\/?service=circular-economy-consulting\" class=\"inline-flex items-center font-semibold group-hover:translate-x-2 transition-all duration-300\" style=\"color: #FFB600\">\r\n                                                Learn More                                                <svg class=\"w-5 h-5 ml-2\" fill=\"none\" stroke=\"currentColor\" viewBox=\"0 0 24 24\">\r\n                                                    <path stroke-linecap=\"round\" stroke-linejoin=\"round\" stroke-width=\"2\" d=\"M17 8l4 4m0 0l-4 4m4-4H3\" \/>\r\n                                                <\/svg>\r\n                                            <\/a>\r\n                                        <\/div>\r\n                                    <\/div>\r\n                                <\/div>\r\n                            <\/div>\r\n                                                    <div class=\"group relative fade-in-effect effect-1\">\r\n                                <div style=\"background-color: #FFB600\" class=\"absolute -inset-2 rounded-2xl blur opacity-0 group-hover:opacity-20 transition-all duration-300\"><\/div>\r\n                                <div class=\"shadow-lg relative bg-white rounded-2xl overflow-hidden hover:shadow-xl transition-all duration-300 h-full flex flex-col\">\r\n                                    <div class=\"aspect-[4\/3] overflow-hidden\">\r\n                                                                                    <img decoding=\"async\" width=\"1536\" height=\"1024\" src=\"https:\/\/solidni-budowlancy.pl\/wp-content\/uploads\/2025\/02\/ff31e222-d819-4923-9462-fe43b10cf970.webp\" class=\"w-full h-full object-cover transform group-hover:scale-110 transition-transform duration-500 wp-post-image\" alt=\"zdj\u0119cie pogl\u0105dowe wygenerowane przez ai\" srcset=\"https:\/\/solidni-budowlancy.pl\/wp-content\/uploads\/2025\/02\/ff31e222-d819-4923-9462-fe43b10cf970.webp 1536w, https:\/\/solidni-budowlancy.pl\/wp-content\/uploads\/2025\/02\/ff31e222-d819-4923-9462-fe43b10cf970-300x200.webp 300w, https:\/\/solidni-budowlancy.pl\/wp-content\/uploads\/2025\/02\/ff31e222-d819-4923-9462-fe43b10cf970-1024x683.webp 1024w, https:\/\/solidni-budowlancy.pl\/wp-content\/uploads\/2025\/02\/ff31e222-d819-4923-9462-fe43b10cf970-768x512.png 768w\" sizes=\"(max-width: 1536px) 100vw, 1536px\" \/>                                                                            <\/div>\r\n                                    <div class=\"p-8 flex flex-col flex-grow\">\r\n                                        <h3 class=\"text-2xl font-bold text-gray-900 my-0\">Kompleksowe doradztwo akustyczne<\/h3>\r\n                                        <p class=\"text-gray-600 mb-6 line-clamp-2\">Oferujemy specjalistyczne doradztwo w zakresie akustyki budynk\u00f3w i pomieszcze\u0144. Naszym celem jest pomoc inwestorom, architektom oraz w\u0142a\u015bcicielom obiekt\u00f3w w \u015bwiadomym...<\/p>\r\n\r\n                                        <div class=\"mt-auto\">\r\n                                                                                        <a href=\"https:\/\/solidni-budowlancy.pl\/?service=regenerative-planning\" class=\"inline-flex items-center font-semibold group-hover:translate-x-2 transition-all duration-300\" style=\"color: #FFB600\">\r\n                                                Learn More                                                <svg class=\"w-5 h-5 ml-2\" fill=\"none\" stroke=\"currentColor\" viewBox=\"0 0 24 24\">\r\n                                                    <path stroke-linecap=\"round\" stroke-linejoin=\"round\" stroke-width=\"2\" d=\"M17 8l4 4m0 0l-4 4m4-4H3\" \/>\r\n                                                <\/svg>\r\n                                            <\/a>\r\n                                        <\/div>\r\n                                    <\/div>\r\n                                <\/div>\r\n                            <\/div>\r\n                                                    <div class=\"group relative fade-in-effect effect-1\">\r\n                                <div style=\"background-color: #FFB600\" class=\"absolute -inset-2 rounded-2xl blur opacity-0 group-hover:opacity-20 transition-all duration-300\"><\/div>\r\n                                <div class=\"shadow-lg relative bg-white rounded-2xl overflow-hidden hover:shadow-xl transition-all duration-300 h-full flex flex-col\">\r\n                                    <div class=\"aspect-[4\/3] overflow-hidden\">\r\n                                                                                    <img decoding=\"async\" width=\"1536\" height=\"1024\" src=\"https:\/\/solidni-budowlancy.pl\/wp-content\/uploads\/2025\/02\/ChatGPT-Image-11-sie-2025-17_25_48.png\" class=\"w-full h-full object-cover transform group-hover:scale-110 transition-transform duration-500 wp-post-image\" alt=\"Zdj\u0119cie pogl\u0105dowe wygenerowane przez AI\" srcset=\"https:\/\/solidni-budowlancy.pl\/wp-content\/uploads\/2025\/02\/ChatGPT-Image-11-sie-2025-17_25_48.png 1536w, https:\/\/solidni-budowlancy.pl\/wp-content\/uploads\/2025\/02\/ChatGPT-Image-11-sie-2025-17_25_48-300x200.png 300w, https:\/\/solidni-budowlancy.pl\/wp-content\/uploads\/2025\/02\/ChatGPT-Image-11-sie-2025-17_25_48-1024x683.png 1024w, https:\/\/solidni-budowlancy.pl\/wp-content\/uploads\/2025\/02\/ChatGPT-Image-11-sie-2025-17_25_48-768x512.png 768w\" sizes=\"(max-width: 1536px) 100vw, 1536px\" \/>                                                                            <\/div>\r\n                                    <div class=\"p-8 flex flex-col flex-grow\">\r\n                                        <h3 class=\"text-2xl font-bold text-gray-900 my-0\">Monta\u017c izolacji akustycznych<\/h3>\r\n                                        <p class=\"text-gray-600 mb-6 line-clamp-2\">Izolacje Akustyczne \u2013 Skuteczna ochrona przed ha\u0142asem Zapewniamy skuteczn\u0105 ochron\u0119 przed ha\u0142asem dzi\u0119ki profesjonalnemu monta\u017cowi izolacji akustycznych. Od doboru materia\u0142\u00f3w...<\/p>\r\n\r\n                                        <div class=\"mt-auto\">\r\n                                                                                        <a href=\"https:\/\/solidni-budowlancy.pl\/?service=biophilic-architecture\" class=\"inline-flex items-center font-semibold group-hover:translate-x-2 transition-all duration-300\" style=\"color: #FFB600\">\r\n                                                Learn More                                                <svg class=\"w-5 h-5 ml-2\" fill=\"none\" stroke=\"currentColor\" viewBox=\"0 0 24 24\">\r\n                                                    <path stroke-linecap=\"round\" stroke-linejoin=\"round\" stroke-width=\"2\" d=\"M17 8l4 4m0 0l-4 4m4-4H3\" \/>\r\n                                                <\/svg>\r\n                                            <\/a>\r\n                                        <\/div>\r\n                                    <\/div>\r\n                                <\/div>\r\n                            <\/div>\r\n                                                    <div class=\"group relative fade-in-effect effect-1\">\r\n                                <div style=\"background-color: #FFB600\" class=\"absolute -inset-2 rounded-2xl blur opacity-0 group-hover:opacity-20 transition-all duration-300\"><\/div>\r\n                                <div class=\"shadow-lg relative bg-white rounded-2xl overflow-hidden hover:shadow-xl transition-all duration-300 h-full flex flex-col\">\r\n                                    <div class=\"aspect-[4\/3] overflow-hidden\">\r\n                                                                                    <img loading=\"lazy\" decoding=\"async\" width=\"1536\" height=\"1024\" src=\"https:\/\/solidni-budowlancy.pl\/wp-content\/uploads\/2025\/02\/ChatGPT-Image-11-sie-2025-17_16_21.png\" class=\"w-full h-full object-cover transform group-hover:scale-110 transition-transform duration-500 wp-post-image\" alt=\"Zdj\u0119cie pogl\u0105dowe wygenerowane przez AI\" srcset=\"https:\/\/solidni-budowlancy.pl\/wp-content\/uploads\/2025\/02\/ChatGPT-Image-11-sie-2025-17_16_21.png 1536w, https:\/\/solidni-budowlancy.pl\/wp-content\/uploads\/2025\/02\/ChatGPT-Image-11-sie-2025-17_16_21-300x200.png 300w, https:\/\/solidni-budowlancy.pl\/wp-content\/uploads\/2025\/02\/ChatGPT-Image-11-sie-2025-17_16_21-1024x683.png 1024w, https:\/\/solidni-budowlancy.pl\/wp-content\/uploads\/2025\/02\/ChatGPT-Image-11-sie-2025-17_16_21-768x512.png 768w\" sizes=\"(max-width: 1536px) 100vw, 1536px\" \/>                                                                            <\/div>\r\n                                    <div class=\"p-8 flex flex-col flex-grow\">\r\n                                        <h3 class=\"text-2xl font-bold text-gray-900 my-0\">Instalacje elektryczne<\/h3>\r\n                                        <p class=\"text-gray-600 mb-6 line-clamp-2\">Monta\u017c Instalacji Elektrycznych \u2013 Sprawne i solidne wykonanie Realizujemy monta\u017c przewod\u00f3w, punkt\u00f3w elektrycznych, rozdzielnic oraz instalacji uziemiaj\u0105cych i odgromowych. Pracujemy...<\/p>\r\n\r\n                                        <div class=\"mt-auto\">\r\n                                                                                        <a href=\"https:\/\/solidni-budowlancy.pl\/?service=sustainable-design\" class=\"inline-flex items-center font-semibold group-hover:translate-x-2 transition-all duration-300\" style=\"color: #FFB600\">\r\n                                                Learn More                                                <svg class=\"w-5 h-5 ml-2\" fill=\"none\" stroke=\"currentColor\" viewBox=\"0 0 24 24\">\r\n                                                    <path stroke-linecap=\"round\" stroke-linejoin=\"round\" stroke-width=\"2\" d=\"M17 8l4 4m0 0l-4 4m4-4H3\" \/>\r\n                                                <\/svg>\r\n                                            <\/a>\r\n                                        <\/div>\r\n                                    <\/div>\r\n                                <\/div>\r\n                            <\/div>\r\n                                            <\/div>\r\n\r\n                                    <\/div>\r\n            <\/section>\r\n        \t\t\t\t<\/div>\n\t\t\t\t<\/div>\n\t\t\t\t<\/div>\n\t\t\t\t<\/div>\n\t\t","protected":false},"excerpt":{"rendered":"<p>OFERTA Nasze profesjonalne Us\u0142ugi Oferujemy szeroki zakres us\u0142ug, kt\u00f3re wspieraj\u0105 inwestor\u00f3w na ka\u017cdym etapie realizacji. Stawiamy na solidno\u015b\u0107, terminowo\u015b\u0107 i jako\u015b\u0107, aby ka\u017cda inwestycja by\u0142a wykonana zgodnie ze sztuk\u0105 budowlan\u0105 i oczekiwaniami klienta. Wykonawstwo \/ podwykonawstwo budowlane Zapewniamy kompleksow\u0105 obs\u0142ug\u0119 inwestycji jako generalny wykonawca lub solidny podwykonawca. Realizujemy projekty budowlane od fundament\u00f3w po wyko\u0144czenie, dbaj\u0105c [&hellip;]<\/p>\n","protected":false},"author":1,"featured_media":1133,"parent":0,"menu_order":0,"comment_status":"closed","ping_status":"closed","template":"elementor_header_footer","meta":{"om_disable_all_campaigns":false,"_monsterinsights_skip_tracking":false,"_monsterinsights_sitenote_active":false,"_monsterinsights_sitenote_note":"","_monsterinsights_sitenote_category":0,"footnotes":""},"class_list":["post-252","page","type-page","status-publish","has-post-thumbnail","hentry"],"aioseo_notices":[],"_links":{"self":[{"href":"https:\/\/solidni-budowlancy.pl\/index.php?rest_route=\/wp\/v2\/pages\/252","targetHints":{"allow":["GET"]}}],"collection":[{"href":"https:\/\/solidni-budowlancy.pl\/index.php?rest_route=\/wp\/v2\/pages"}],"about":[{"href":"https:\/\/solidni-budowlancy.pl\/index.php?rest_route=\/wp\/v2\/types\/page"}],"author":[{"embeddable":true,"href":"https:\/\/solidni-budowlancy.pl\/index.php?rest_route=\/wp\/v2\/users\/1"}],"replies":[{"embeddable":true,"href":"https:\/\/solidni-budowlancy.pl\/index.php?rest_route=%2Fwp%2Fv2%2Fcomments&post=252"}],"version-history":[{"count":40,"href":"https:\/\/solidni-budowlancy.pl\/index.php?rest_route=\/wp\/v2\/pages\/252\/revisions"}],"predecessor-version":[{"id":1792,"href":"https:\/\/solidni-budowlancy.pl\/index.php?rest_route=\/wp\/v2\/pages\/252\/revisions\/1792"}],"wp:featuredmedia":[{"embeddable":true,"href":"https:\/\/solidni-budowlancy.pl\/index.php?rest_route=\/wp\/v2\/media\/1133"}],"wp:attachment":[{"href":"https:\/\/solidni-budowlancy.pl\/index.php?rest_route=%2Fwp%2Fv2%2Fmedia&parent=252"}],"curies":[{"name":"wp","href":"https:\/\/api.w.org\/{rel}","templated":true}]}}